
11, 499, 2857
What are the prime factors of 2862476?
2, 73, 9803
List the prime factors of 359861.
29, 12409
List the prime factors of 30644238.
2, 3, 5107373
What are the prime factors of 6367134?
2, 3, 1061189
What are the prime factors of 186634?
2, 7, 13331
What are the prime factors of 105745?
5, 21149
List the prime factors of 11883237.
3, 197, 20107
What are the prime factors of 21258778?
2, 10629389
List the prime factors of 711319.
7, 307, 331
What are the prime factors of 182633?
11, 16603
What are the prime factors of 8838124?
2, 41, 53891
List the prime factors of 11034637.
1151, 9587
What are the prime factors of 841091?
841091
List the prime factors of 11906405.
5, 7, 340183
List the prime factors of 958867.
7, 13, 41, 257
What are the prime factors of 494831?
443, 1117
What are the prime factors of 1248851?
19, 65729
List the prime factors of 2029354.
2, 1014677
What are the prime factors of 4243706?
2, 2121853
List the prime factors of 39375.
3, 5, 7
What are the prime factors of 3021446?
2, 31, 48733
What are the prime factors of 37326062?
2, 127, 146953
What are the prime factors of 27816?
2, 3, 19, 61
What are the prime factors of 60963?
3, 7, 2903
List the prime factors of 198804.
2, 3, 16567
List the prime factors of 22693467.
3, 19, 359, 1109
List the prime factors of 19602252.
2, 3, 73, 7459
List the prime factors of 226294.
2, 113147
List the prime factors of 215553.
3, 13, 5527
List the prime factors of 647569.
13, 109, 457
What are the prime factors of 760166?
2, 11, 109, 317
List the prime factors of 6201544.
2, 775193
List the prime factors of 5586941.
191, 29251
What are the prime factors of 2645408?
2, 19, 229
What are the prime factors of 1839728?
2, 11, 10453
What are the prime factors of 17551815?
3, 5, 29, 157, 257
What are the prime factors of 10652091?
3, 3550697
What are the prime factors of 399737?
13, 97, 317
List the prime factors of 459288.
2, 3, 6379
What are the prime factors of 180050?
2, 5, 13, 277
List the prime factors of 53159.
17, 53, 59
What are the prime factors of 16399652?
2, 311, 13183
List the prime factors of 34554.
2, 3, 13, 443
What are the prime factors of 15264701?
29, 61, 8629
List the prime factors of 614631.
3, 19, 41, 263
What are the prime factors of 2025116?
2, 59, 8581
List the prime factors of 2199076.
2, 11, 23, 41, 53
What are the prime factors of 1699313?
7, 11, 29, 761
What are the prime factors of 15144134?
2, 7572067
List the prime factors of 12027766.
2, 6013883
List the prime factors of 16421933.
11, 929, 1607
What are the prime factors of 28982428?
2, 1103, 6569
List the prime factors of 2206996.
2, 11, 50159
What are the prime factors of 1515468?
2, 3, 47, 2687
What are the prime factors of 2377071?
3, 19, 13901
List the prime factors of 354436.
2, 88609
What are the prime factors of 457421?
457421
What are the prime factors of 3317045?
5, 663409
List the prime factors of 56400.
2, 3, 5, 47
List the prime factors of 10061144.
2, 17, 29, 2551
What are the prime factors of 1225296?
2, 3, 67, 127
What are the prime factors of 26964383?
26964383
List the prime factors of 1792056.
2, 3, 7, 10667
List the prime factors of 15240.
2, 3, 5, 127
List the prime factors of 8759410.
2, 5, 11, 79631
What are the prime factors of 83732?
2, 11, 173
List the prime factors of 3274606.
2, 313, 5231
What are the prime factors of 267483?
3, 163, 547
What are the prime factors of 598766?
2, 7, 19, 2251
List the prime factors of 7102005.
3, 5, 17, 27851
List the prime factors of 184219.
7, 26317
List the prime factors of 748081.
853, 877
What are the prime factors of 9439226?
2, 173, 27281
List the prime factors of 502440.
2, 3, 5, 53, 79
List the prime factors of 15854672.
2, 990917
What are the prime factors of 5315212?
2, 7, 19, 97, 103
What are the prime factors of 2017188?
2, 3, 137, 409
What are the prime factors of 976735?
5, 17, 11491
List the prime factors of 13267053.
3, 37, 39841
List the prime factors of 6899606.
2, 7, 401, 1229
List the prime factors of 104348.
2, 19, 1373
List the prime factors of 18710328.
2, 3, 7, 13, 659
List the prime factors of 490785.
3, 5, 32719
List the prime factors of 1090117.
7, 155731
What are the prime factors of 229655?
5, 23, 1997
List the prime factors of 1352104.
2, 13, 13001
List the prime factors of 255086.
2, 13, 9811
List the prime factors of 5389945.
5, 11, 59, 151
What are the prime factors of 106479?
3, 11831
List the prime factors of 1953685.
5, 390737
List the prime factors of 443236.
2, 29, 3821
List the prime factors of 17999450.
2, 5, 7, 51427
List the prime factors of 1661937.
3, 17, 32587
List the prime factors of 172309.
37, 4657
What are the prime factors of 14611816?
2, 1826477
What are the prime factors of 3633668?
2, 908417
What are the prime factors of 4368572?
2, 13, 84011
What are the prime factors of 12873736?
2, 127, 12671
What are the prime factors of 554641?
554641
List the prime factors of 2037588.
2, 3, 7, 127, 191
What are the prime factors of 2937990?
2, 3, 5, 11, 29, 307
What are the prime factors of 5570392?
2, 43, 16193
List the prime factors of 2629516.
2, 37, 109, 163
What are the prime factors of 348481?
7, 49783
List the prime factors of 5931091.
61, 97231
List the prime factors of 295051.
19, 53, 293
List the prime factors of 3136030.
2, 5, 313603
What are the prime factors of 749942?
2, 569, 659
What are the prime factors of 1235668?
2, 7, 44131
What are the prime factors of 999050?
2, 5, 13, 29, 53
What are the prime factors of 497593?
103, 4831
List the prime factors of 1354637.
1354637
List the prime factors of 174833.
359, 487
List the prime factors of 85030.
2, 5, 11, 773
List the prime factors of 5042192.
2, 151, 2087
What are the prime factors of 829522?
2, 241, 1721
List the prime factors of 102965.
5, 20593
List the prime factors of 304735.
5, 59, 1033
List the prime factors of 5489050.
2, 5, 7, 15683
List the prime factors of 332431.
11, 47, 643
What are the prime factors of 438568?
2, 13, 4217
What are the prime factors of 1769501?
1769501
List the prime factors of 17693993.
17693993
List the prime factors of 381201.
3, 283, 449
What are the prime factors of 5209592?
2, 23, 1231
What are the prime factors of 367600?
2, 5, 919
List the prime factors of 10989345.
3, 5, 31, 23633
What are the prime factors of 23585?
5, 53, 89
List the prime factors of 3816350.
2, 5, 127, 601
What are the prime factors of 927005?
5, 185401
List the prime factors of 4328942.
2, 2164471
What are the prime factors of 45390309?
3, 101, 149803
What are the prime factors of 203269?
11, 17, 1087
List the prime factors of 206357.
43, 4799
What are the prime factors of 1079500?
2, 5, 17, 127
What are the prime factors of 309254?
2, 11, 14057
List the prime factors of 1300672.
2, 20323
What are the prime factors of 2182890?
2, 3, 5, 72763
What are the prime factors of 10116?
2, 3, 281
List the prime factors of 48713.
7, 6959
List the prime factors of 857370.
2, 3, 5, 28579
What are the prime factors of 2450207?
2450207
List the prime factors of 136797.
3, 45599
What are the prime factors of 335137?
11, 30467
List the prime factors of 263114.
2, 293, 449
List the prime factors of 2430994.
2, 1215497
What are the prime factors of 208683?
3, 59, 131
What are the prime factors of 172968?
2, 3, 7207
List the prime factors of 4495991.
4495991
List the prime factors of 850573.
19, 89, 503
What are the prime factors of 816903?
3, 139, 653
List the prime factors of 3354971.
3354971
List the prime factors of 1246859.
463, 2693
What are the prime factors of 3151369?
13, 242413
List the prime factors of 17313856.
2, 7, 5521
What are the prime factors of 2485790?
2, 5, 248579
What are the prime factors of 1407639?
3, 359, 1307
List the prime factors of 143505.
3, 5, 1063
What are the prime factors of 366999?
3, 71, 1723
List the prime factors of 56234.
2, 31, 907
What are the prime factors of 17471542?
2, 11, 794161
What are the prime factors of 119548?
2, 11, 13, 19
List the prime factors of 383485.
5, 76697
List the prime factors of 97374.
2, 3, 16229
What are the prime factors of 334631?
11, 29, 1049
What are the prime factors of 1858319?
1858319
What are the prime factors of 222166?
2, 7, 2267
What are the prime factors of 335